54
Convert -d83 (base 14) to base 8.
-5147
2312 (base 12) to base 9
5315
Convert 6430 (base 8) to base 12.
1b34
Convert -1002 (base 3) to base 10.
-29
What is -1141333 (base 5) in base 8?
-51734
Convert -5166 (base 7) to base 2.
-11100010100
Convert -1211211011 (base 3) to base 16.
-8ddf
Convert 88 (base 16) to base 5.
1021
-a60 (base 15) to base 11
-1838
Convert -30 (base 10) to base 2.
-11110
Convert -1ad9a (base 14) to base 15.
-15495
Convert 1b5 (base 15) to base 11.
32a
What is 6434 (base 9) in base 7?
16534
Convert 19e2 (base 16) to base 9.
10072
-1a580 (base 12) to base 13
-148a1
Convert -21001122 (base 3) to base 15.
-17d2
Convert 20241 (base 7) to base 12.
2a29
14145 (base 6) to base 5
32400
Convert -1150 (base 8) to base 13.
-385
-2576 (base 8) to base 14
-726
Convert -b5cd (base 14) to base 16.
-7a71
-32002 (base 5) to base 9
-2823
14a (base 13) to base 3
22120
What is 3501 (base 6) in base 3?
1010201
What is -10000110011001011 (base 2) in base 10?
-68811
Convert -21435 (base 8) to base 15.
-29e4
Convert 3834 (base 14) to base 11.
7441
What is 667 (base 13) in base 14?
587
-99 (base 15) to base 9
-170
-4221 (base 6) to base 12
-671
844 (base 9) to base 4
22300
What is 100000110001000 (base 2) in base 16?
4188
What is -343 (base 8) in base 5?
-1402
-1ce (base 16) to base 12
-326
1251 (base 15) to base 6
30021
What is 2275 (base 8) in base 3?
1122221
Convert -383 (base 10) to base 5.
-3013
-c6 (base 16) to base 5
-1243
What is 54012 (base 6) in base 14?
2972
What is 122351 (base 6) in base 15?
3394
7210 (base 14) to base 6
230450
Convert 64410 (base 7) to base 5.
1002411
What is 732 (base 8) in base 6?
2110
-33224 (base 5) to base 11
-1814
Convert 1220220 (base 3) to base 4.
111321
Convert -2541 (base 7) to base 11.
-7a3
Convert 205 (base 16) to base 4.
20011
Convert c1 (base 15) to base 3.
20201
-220001212 (base 3) to base 7
-102104
Convert -145540 (base 6) to base 11.
-a77a
What is -37247 (base 9) in base 15?
-7611
What is -701d (base 14) in base 8?
-45443
What is 2002000102 (base 3) in base 2?
1001111110000011
Convert -20022120 (base 4) to base 15.
-9d8c
14626 (base 8) to base 10
6550
32200 (base 6) to base 13
1ccb
What is 7581 (base 9) in base 7?
22162
What is -3840 (base 10) in base 5?
-110330
What is 6b (base 14) in base 2?
1011111
What is -50233 (base 7) in base 6?
-132051
What is -127 (base 9) in base 14?
-78
Convert 4971 (base 14) to base 10.
12839
What is -3012022 (base 5) in base 9?
-72458
-101234 (base 6) to base 3
-102002111
What is -222112 (base 3) in base 11?
-5a1
140005 (base 6) to base 5
403330
Convert -100010011110 (base 2) to base 15.
-9c1
Convert -288a (base 11) to base 14.
-1504
Convert 13113 (base 8) to base 13.
27a0
221132 (base 4) to base 2
101001011110
Convert -7217 (base 14) to base 4.
-10302211
What is 12202 (base 6) in base 14?
92a
43242 (base 6) to base 3
22010122
Convert -394 (base 14) to base 7.
-2044
ab (base 13) to base 9
166
What is -12040 (base 5) in base 13?
-53b
Convert a026 (base 15) to base 7.
200334
What is 101000101101000 (base 2) in base 11?
14726
Convert 3d8 (base 15) to base 12.
612
Convert -6cd (base 15) to base 10.
-1543
-20003032 (base 4) to base 9
-50207
-23758 (base 12) to base 6
-1004552
Convert 9c28 (base 13) to base 15.
670a
-4314420 (base 5) to base 3
-10201021210
1010 (base 2) to base 7
13
Convert -123650 (base 8) to base 7.
-236063
Convert -5503 (base 9) to base 3.
-12120010
2101000 (base 3) to base 11
1331
1d6b (base 14) to base 10
5387
What is -e66e (base 16) in base 8?
-163156
10063 (base 9) to base 8
14732
What is -1220 (base 3) in base 16?
-33
What is -2202100110 (base 3) in base 11?
-377a4
Convert 208 (base 13) to base 7.
1003
What is -c07 (base 16) in base 15?
-da4
Convert 587 (base 16) to base 8.
2607
-3141 (base 5) to base 12
-2b1
Convert -10a0 (base 12) to base 11.
-1430
240 (base 15) to base 13
303
Convert 20381 (base 9) to base 3.
200102201
-10101 (base 3) to base 6
-231
-1103 (base 8) to base 6
-2403
-89ab (base 12) to base 10
-15251
Convert -11010000101 (base 2) to base 15.
-764
Convert 110222 (base 3) to base 5.
2400
Convert -342044 (base 5) to base 4.
-2331311
d93 (base 15) to base 5
44223
2640 (base 13) to base 4
1111110
223343 (base 5) to base 15
2568
Convert 1504 (base 10) to base 4.
113200
What is -7320 (base 10) in base 13?
-3441
-2705 (base 8) to base 7
-4210
Convert -91e (base 15) to base 3.
-2211002
Convert 3032 (base 5) to base 13.
242
Convert 27823 (base 9) to base 10.
18894
Convert 3021212 (base 4) to base 10.
12902
Convert -2428 (base 11) to base 14.
-122c
Convert 117365 (base 8) to base 9.
61734
Convert -1154 (base 7) to base 11.
-362
Convert -101110011110100 (base 2) to base 10.
-23796
Convert 53a3 (base 15) to base 5.
1031303
What is 348 (base 11) in base 10?
415
a8 (base 14) to base 3
12111
Convert -40350 (base 6) to base 9.
-7263
What is -512 (base 7) in base 4?
-3332
-8a (base 16) to base 6
-350
16e9 (base 15) to base 9
6703
Convert 28509 (base 10) to base 13.
cc90
Convert -12741 (base 10) to base 15.
-3b96
1b4 (base 14) to base 10
354
b2 (base 16) to base 8
262
Convert 11102212 (base 3) to base 9.
4385
-72b6 (base 13) to base 3
-210202122
What is -121220200 (base 3) in base 11?
-929a
Convert 103 (base 15) to base 2.
11100100
Convert 1199 (base 12) to base 14.
a21
Convert -11861 (base 9) to base 14.
-2cad
1033231 (base 4) to base 13
2425
What is -1244 (base 6) in base 2?
-100111100
What is 3a03 (base 11) in base 14?
1c7c
-11030300 (base 4) to base 10
-21296
What is -100111110 (base 2) in base 13?
-1b6
Convert -1403033 (base 5) to base 14.
-a570
-11d (base 16) to base 5
-2120
What is 1108 (base 11) in base 10?
1460
Convert 203555 (base 7) to base 3.
1202220122
Convert -7a6 (base 12) to base 3.
-1120000
What is 14333 (base 9) in base 5?
303000
128 (base 15) to base 2
100000111
What is -21670 (base 9) in base 7?
-56661
3b6 (base 12) to base 7
1443
What is -a6 (base 14) in base 16?
-92
What is 4364 (base 9) in base 4?
302101
Convert -6023 (base 16) to base 15.
-745b
Convert -134527 (base 8) to base 3.
-2102002022
49dc (base 14) to base 13
5b6c
Convert 90e (base 16) to base 6.
14422
What is 9705 (base 12) in base 2?
100000010110101
-112511 (base 7) to base 6
-233135
What is -3235 (base 16) in base 4?
-3020311
What is -202662 (base 7) in base 13?
-129c6
Convert 10040 (base 6) to base 9.
1726
Convert -318 (base 14) to base 8.
-1142
Convert 11350 (base 8) to base 11.
3700
Convert -1441043 (base 5) to base 8.
-74065
Convert 6007 (base 11) to base 7.
32206
-3351 (base 10) to base 5
-101401
Convert 122312 (base 4) to base 5.
23333
Convert 22101 (base 3) to base 13.
145
What is 11010111 (base 2) in base 9?
258
Convert 293f (base 16) to base 2.
10100100111111
Convert 21213 (base 4) to base 3.
211210
-2576 (base 8) to base 16
-57e
Convert 367 (base 8) to base 7.
502
What is -157 (base 14) in base 11?
-229
Convert 3064 (base 7) to base 2.
10000110011
What is -1374 (base 12) in base 6?
-14224
-124 (base 8) to base 3
-10010
What is -5db (base 14) in base 5?
-14143
-29078 (base 10) to base 9
-43788
What is -1276 (base 8) in base 14?
-382
-a3 (base 15) to base 9
-180
Convert -210 (base 14) to base 9.
-501
-121110 (base 3) to base 5
-3234
Convert 1000110100 (base 2) to base 8.
1064
-82 (base 15) to base 9
-145
What is 10000111111 (base 2) in base 10?
1087
-34212 (base 5) to base 4
-212000
What is 6e49 (base 16) in base 5?
1400413
-b200 (base 15) to base 14
-d99d
12154 (base 8) to base 5
131403
What is 220232 (base 5) in base 14?
2a87
110001100 (base 2) to base 5
3041
Convert 190a (base 15) to base 7.
21526
Convert 605 (base 13) to base 8.
1773
Convert -54c (base 14) to base 10.
-1048
Convert -10440 (base 7) to base 11.
-1a77
What is -20220122 (base 3) in base 16?
-13af
412 (base 9) to base 15
175
10742 (base 10) to base 11
8086
-649 (base 10) to base 14
-345
What is -96 (base 13) in base 2?
-1111011
Convert -211200011 (base 3) to base 11.
-11466
Convert -78b (base 12) to base 7.
-3152
-1c1 (base 16) to base 8
-701
Convert 9b1 (base 12) to base 15.
654
Convert 4223 (base 5) to base 14.
2c3
-11303020 (base 4) to base 5
-1230002
10100100010 (base 2) to base 10
1314
-24012 (base 6) to base 14
-1396
112012010 (base 3) to base 7
42105
-22234 (base 5) to base 15
-6e9
C